hat is the thousands digit of 57573493?
3
What is the tens digit of 49193008?
0
What is the units digit of 542803565?
5
What is the hundreds digit of 492160525?
5
What is the hundred thousands digit of 3330262683?
2
What is the ten thousands digit of 289156001?
5
What is the units digit of 8183622052?
2
What is the hundred thousands digit of 3155740019?
7
What is the ten thousands digit of 4787482783?
8
What is the tens digit of 52705266?
6
What is the millions digit of 312260271?
2
What is the ten millions digit of 98479012?
9
What is the ten millions digit of 63298086?
6
What is the ten thousands digit of 2927195499?
9
What is the millions digit of 109381661?
9
What is the ten millions digit of 382880723?
8
What is the hundreds digit of 85394582?
5
What is the units digit of 61680865?
5
What is the hundreds digit of 269728658?
6
What is the billions digit of 1272174150?
1
What is the ten millions digit of 13135616?
1
What is the hundred millions digit of 341566824?
3
What is the thousands digit of 7461505?
1
What is the hundred millions digit of 962332019?
9
What is the units digit of 111009446?
6
What is the hundreds digit of 3039152630?
6
What is the hundred thousands digit of 19458573?
4
What is the thousands digit of 280228261?
8
What is the ten thousands digit of 2753894?
5
What is the thousands digit of 452922308?
2
What is the units digit of 126473578?
8
What is the ten millions digit of 706198097?
0
What is the hundreds digit of 65796261?
2
What is the hundred millions digit of 221883402?
2
What is the thousands digit of 333457436?
7
What is the tens digit of 59212764?
6
What is the tens digit of 81725980?
8
What is the hundreds digit of 1690150640?
6
What is the ten millions digit of 3420598741?
2
What is the hundred thousands digit of 141765443?
7
What is the hundreds digit of 357846294?
2
What is the hundred thousands digit of 18410864?
4
What is the hundreds digit of 4608488823?
8
What is the hundred thousands digit of 1702787245?
7
What is the units digit of 62310081?
1
What is the billions digit of 1621581420?
1
What is the thousands digit of 126991681?
1
What is the millions digit of 1715128200?
5
What is the hundred millions digit of 148233538?
1
What is the ten thousands digit of 449699715?
9
What is the units digit of 106178212?
2
What is the millions digit of 19626221?
9
What is the hundreds digit of 11465344?
3
What is the hundreds digit of 113771025?
0
What is the thousands digit of 237928562?
8
What is the hundred millions digit of 5759022267?
7
What is the tens digit of 985726702?
0
What is the units digit of 370526615?
5
What is the ten thousands digit of 119070411?
7
What is the hundred millions digit of 4870454794?
8
What is the millions digit of 2025179?
2
What is the ten thousands digit of 731705292?
0
What is the hundreds digit of 1015243300?
3
What is the hundred thousands digit of 21565031?
5
What is the millions digit of 70042833?
0
What is the thousands digit of 1514633166?
3
What is the ten millions digit of 1355836293?
5
What is the units digit of 60456442?
2
What is the ten thousands digit of 348032597?
3
What is the hundreds digit of 38094951?
9
What is the ten thousands digit of 2385046959?
4
What is the thousands digit of 2650466555?
6
What is the hundreds digit of 136999421?
4
What is the hundred thousands digit of 27482546?
4
What is the hundred thousands digit of 368186307?
1
What is the millions digit of 221010043?
1
What is the billions digit of 4731979644?
4
What is the units digit of 80295072?
2
What is the units digit of 1333349224?
4
What is the hundreds digit of 81082351?
3
What is the millions digit of 119225436?
9
What is the units digit of 394691212?
2
What is the hundreds digit of 3980788702?
7
What is the hundreds digit of 1388084075?
0
What is the ten millions digit of 67940492?
6
What is the millions digit of 3032215450?
2
What is the ten thousands digit of 89052397?
5
What is the millions digit of 413746518?
3
What is the billions digit of 1343897435?
1
What is the units digit of 341967409?
9
What is the hundred millions digit of 4668263609?
6
What is the units digit of 190539291?
1
What is the tens digit of 238564950?
5
What is the hundred thousands digit of 2052546578?
5
What is the ten thousands digit of 3335656009?
5
What is the units digit of 51201371?
1
What is the units digit of 1741661275?
5
What is the ten thousands digit of 131224789?
2
What is the hundreds digit of 191417733?
7
What is the billions digit of 3129612972?
3
What is the hundred millions digit of 909440637?
9
What is the hundred thousands digit of 2737764311?
7
What is the thousands digit of 111177851?
7
What is the hundred thousands digit of 3638819543?
8
What is the units digit of 4450826731?
1
What is the billions digit of 2138435484?
2
What is the hundreds digit of 204250111?
1
What is the hundred thousands digit of 381512518?
5
What is the hundred thousands digit of 32921535?
9
What is the hundreds digit of 422002175?
1
What is the hundred millions digit of 128190321?
1
What is the tens digit of 571217908?
0
What is the ten thousands digit of 829132989?
3
What is the tens digit of 65595166?
6
What is the millions digit of 6530608894?
0
What is the ten millions digit of 225291505?
2
What is the tens digit of 68626406?
0
What is the hundred millions digit of 1287663711?
2
What is the hundred millions digit of 830863120?
8
What is the hundred millions digit of 1783667949?
7
What is the tens digit of 77656483?
8
What is the billions digit of 3122814192?
3
What is the hundred thousands digit of 48469413?
4
What is the tens digit of 5493902004?
0
What is the hundred thousands digit of 18059990?
0
What is the hundred millions digit of 168317581?
1
What is the ten millions digit of 263183870?
6
What is the thousands digit of 42400546?
0
What is the hundred thousands digit of 45242186?
2
What is the thousands digit of 1394936960?
6
What is the units digit of 102915162?
2
What is the thousands digit of 183771235?
1
What is the hundred millions digit of 458323270?
4
What is the tens digit of 6819876?
7
What is the tens digit of 76799969?
6
What is the thousands digit of 198495340?
5
What is the hundred thousands digit of 53563934?
5
What is the hundred thousands digit of 19791132?
7
What is the hundred millions digit of 994010940?
9
What is the hundred thousands digit of 1155591924?
5
What is the millions digit of 176400697?
6
What is the ten thousands digit of 72110878?
1
What is the units digit of 25039104?
4
What is the units digit of 249036278?
8
What is the millions digit of 64274036?
4
What is the units digit of 156021176?
6
What is the thousands digit of 204289664?
9
What is the ten thousands digit of 175459762?
5
What is the ten thousands digit of 2261600345?
0
What is the units digit of 291257809?
9
What is the hundreds digit of 11678145?
1
What is the units digit of 297026923?
3
What is the millions digit of 1011937766?
1
What is the hundreds digit of 48901606?
6
What is the ten millions digit of 199200033?
9
What is the ten millions digit of 10459652?
1
What is the units digit of 282453097?
7
What is the hundred thousands digit of 56182064?
1
What is the hundreds digit of 256760366?
3
What is the hundreds digit of 74891816?
8
What is the ten thousands digit of 29711964?
1
What is the hundred thousands digit of 340063443?
0
What is the millions digit of 2033056941?
3
What is the thousands digit of 1149512899?
2
What is the thousands digit of 69810653?
0
What is the ten millions digit of 1478028511?
7
What is the millions digit of 679849649?
9
What is the hundred thousands digit of 212106329?
1
What is the ten thousands digit of 107257709?
5
What is the ten thousands digit of 396773128?
7
What is the hundred thousands digit of 4945489538?
4
What is the hundreds digit of 67068109?
1
What is the hundred thousands digit of 628221194?
2
What is the hundred thousands digit of 232936366?
9
What is the thousands digit of 691229019?
9
What is the thousands digit of 1116776949?
6
What is the ten thousands digit of 5387736948?
3
What is the hundreds digit of 180456139?
1
What is the thousands digit of 451496161?
6
What is the hundred thousands digit of 132543948?
5
What is the units digit of 452648427?
7
What is th